is 80 - -33?
123
In base 12, what is 3 - -85?
88
In base 10, what is -3 + 2160?
2157
In base 12, what is -41 + -1?
-42
In base 6, what is 12335 + 5?
12344
In base 10, what is 596 + -2?
594
In base 14, what is dc - 3d?
9d
In base 11, what is 2 + -111?
-10a
In base 6, what is -3122 - 3?
-3125
In base 9, what is 3 - 12?
-8
In base 11, what is 19 - 890?
-872
In base 4, what is -10 - 3032?
-3102
In base 8, what is 6641 + 1?
6642
In base 3, what is 12 + 101221?
102010
In base 10, what is -17 + 9?
-8
In base 10, what is 965 - 6?
959
In base 8, what is 21 + 4?
25
In base 12, what is -34 + -17a?
-1b2
In base 13, what is -8 + -11?
-19
In base 12, what is -32 + 59?
27
In base 12, what is 10 + -92?
-82
In base 6, what is 1 + -12205?
-12204
In base 16, what is 7e1 + -3?
7de
In base 15, what is -e9 - -3?
-e6
In base 7, what is 11 - 130?
-116
In base 9, what is 784 - 0?
784
In base 8, what is 70 - -30?
120
In base 3, what is -1000011 - 20?
-1000101
In base 7, what is 636 - 5?
631
In base 16, what is -133 - 4?
-137
In base 9, what is 5 + 401?
406
In base 9, what is -4245 - 0?
-4245
In base 11, what is 7 + -36?
-2a
In base 11, what is 940 + 0?
940
In base 7, what is -1 + -644?
-645
In base 3, what is 2 + 1211?
1220
In base 8, what is -40 - 5?
-45
In base 8, what is 3213 + 1?
3214
In base 14, what is -77 + 19?
-5c
In base 13, what is 5 + -1ac5?
-1ac0
In base 14, what is -6b + 3?
-68
In base 3, what is 1012 - -120121?
121210
In base 3, what is -10122001 + -1?
-10122002
In base 8, what is 145 + -2?
143
In base 12, what is 3 - -aab?
ab2
In base 15, what is -c3 - -7?
-bb
In base 2, what is 11101 + 0?
11101
In base 4, what is -3122 - -3?
-3113
In base 3, what is -12 + 2222020?
2222001
In base 16, what is -2 + 6?
4
In base 3, what is 110 - 10?
100
In base 6, what is 55521 + 4?
55525
In base 10, what is -28 - 838?
-866
In base 5, what is -324 - -1?
-323
In base 7, what is -5 + 1233?
1225
In base 8, what is 77 + 342?
441
In base 6, what is 4 + 350?
354
In base 14, what is 1d5 + -5?
1d0
In base 7, what is 4 - -6304?
6311
In base 10, what is -434 - -6?
-428
In base 13, what is 4c6 + 3?
4c9
In base 13, what is 9 - 5?
4
In base 14, what is 0 + -77?
-77
In base 2, what is 11010 + 10011111?
10111001
In base 3, what is -1 - -20122?
20121
In base 6, what is 105515 - -5?
105524
In base 9, what is 3200 + 5?
3205
In base 16, what is 6 + 8?
e
In base 12, what is 0 - -3b?
3b
In base 12, what is -14 - 2?
-16
In base 2, what is 100111 + 110101110?
111010101
In base 10, what is 0 + -4381?
-4381
In base 9, what is -113 - -11?
-102
In base 4, what is -2131000 - 2?
-2131002
In base 4, what is 12 + -1232?
-1220
In base 7, what is -2 - 61?
-63
In base 12, what is -1 + 54?
53
In base 5, what is -11022 + -2?
-11024
In base 2, what is 110111100 + -110?
110110110
In base 13, what is 3 + 290?
293
In base 5, what is -3342 + 2?
-3340
In base 9, what is -10284 - -3?
-10281
In base 10, what is 524 + -5?
519
In base 11, what is 4 + 467?
470
In base 6, what is -5131 - 2?
-5133
In base 15, what is 2 - -196?
198
In base 4, what is 10 - 310?
-300
In base 6, what is -1045 - -154?
-451
In base 14, what is 2 + 3c?
40
In base 10, what is 226 - -13?
239
In base 10, what is -2 + -409?
-411
In base 13, what is -397 + 2?
-395
In base 15, what is 0 + -8b8?
-8b8
In base 10, what is 1 - 170?
-169
In base 16, what is 558 + -4?
554
In base 12, what is -14 + 23?
b
In base 12, what is -50 + 197?
147
In base 12, what is -8b + 2?
-89
In base 13, what is -24 - 7?
-2b
In base 7, what is -2 - -315?
313
In base 10, what is 7 - -490?
497
In base 8, what is -1551 - -4?
-1545
In base 16, what is 13 + 77?
8a
In base 13, what is -50 + 34?
-19
In base 4, what is 22113 + 22?
22201
In base 15, what is 2d - 9?
24
In base 15, what is -5 - -258?
253
In base 13, what is -7 + -a02?
-a09
In base 4, what is -113 - 2?
-121
In base 12, what is 20 + 0?
20
In base 15, what is -43 - 5?
-48
In base 4, what is 201203 - 11?
201132
In base 4, what is -2213 + 3?
-2210
In base 12, what is -16 + -4?
-1a
In base 9, what is -2 - -13?
11
In base 6, what is 3 + 214?
221
In base 11, what is 0 + 146a?
146a
In base 6, what is -41 + -443?
-524
In base 13, what is 1 - 5?
-4
In base 13, what is -1 + 334?
333
In base 14, what is b + 28?
35
In base 5, what is -100 - -14?
-31
In base 13, what is 12 - -22?
34
In base 15, what is -3 + -12a3?
-12a6
In base 12, what is -96 + 36?
-60
In base 16, what is -1e85 + -3?
-1e88
In base 6, what is 12 + 10125?
10141
In base 12, what is -1b3 + 2?
-1b1
In base 10, what is -4 + -47?
-51
In base 7, what is -36 - -2?
-34
In base 10, what is 205 + 6?
211
In base 8, what is 1314 - 5?
1307
In base 11, what is 0 + 99?
99
In base 7, what is -2550 + 6?
-2541
In base 7, what is -1 - 166?
-200
In base 2, what is 110001111 + 100?
110010011
In base 11, what is -2 - 554?
-556
In base 6, what is -1055 - 3?
-1102
In base 9, what is 1 - -232?
233
In base 14, what is -d - a?
-19
In base 5, what is -404 + 0?
-404
In base 14, what is -2 - a9?
-ab
In base 9, what is 1043 - -18?
1062
In base 5, what is -340 + 2?
-333
In base 15, what is -ec + c?
-e0
In base 6, what is 22334 - -5?
22343
In base 6, what is -3 - -345?
342
In base 10, what is 18 + -341?
-323
In base 7, what is 116 - -354?
503
In base 9, what is 16 - -570?
586
In base 4, what is -10 + -202?
-212
In base 3, what is 1 + -221?
-220
In base 10, what is 11 + 14?
25
In base 9, what is 5 + 1351?
1356
In base 5, what is 20 + -34002?
-33432
In base 16, what is -3 - 18?
-1b
In base 16, what is -59f + -2?
-5a1
In base 5, what is -1311 - -10?
-1301
In base 4, what is -2 - -113?
111
In base 16, what is 4 - -146f?
1473
In base 7, what is -46525 + 0?
-46525
In base 13, what is 2b6 - -1?
2b7
In base 14, what is -32 + -114?
-146
In base 14, what is 4c + -4?
48
In base 15, what is -84a - 1?
-84b
In base 6, what is -2 + -5?
-11
In base 5, what is -4343 + 2?
-4341
In base 12, what is 4ab + 4?
4b3
In base 10, what is -2 - -157?
155
In base 8, what is -277 - -2?
-275
In base 4, what is -2030323 + 1?
-2030322
In base 10, what is -3 + -82?
-85
In base 15, what is -2e + 3?
-2b
In base 2, what is 111101 + -1111?
101110
In base 8, what is -1440 + -14?
-1454
In base 13, what is 1b + -2?
19
In base 4, what is 101 + 13?
120
In base 2, what is 0 + -11101110?
-11101110
In base 4, what is -132 - -2?
-130
In base 4, what is 21 - -2102?
2123
In base 15, what is 1 - eb?
-ea
In base 14, what is 22 - -2?
24
In base 10, what is 5 + -10?
-5
In base 16, what is -99 - b?
-a4
In base 3, what is 21 - -12?
110
In base 13, what is -2 + 305b?
3059
In base 3, what is -1000001 - 10?
-1000011
In base 14, what is 7 - -13c?
145
In base 5, what is -20 + 11103?
11033
In base 8, what is 3 + 251?
254
In base 10, what is 8752 + 5?
8757
In base 3, what is -1 + -2100?
-2101
In base 13, what is -4 + -72?
-76
In base 7, what is 104 + 51?
155
In base 4, what is -1203 + 21?
-1122
In base 14, what is -c + -a?
-18
In base 9, what is 7 + -1831?
-1823
In base 10, what is 2246 - -4?
2250
In base 3, what is -2 - 20112?
-20121
In base 16, what is 5a - 13?
47
In base 14, what is 0 + 84?
84
In base 2, what is 10100011010 - 101?
10100010101
In base 4, what is -22013 - 3?
-22022
In base 3, what is 11110 - 1?
11102
In base 12, what is a + -70?
-62
In base 16, what is 2 + -49a?
-498
In base 9, what is 13270 - 4?
13265
In base 12, what is 8 + 3?
b
In base 2, what is -11 + 110100010?
110011111
In base 14, what is -21 - -17?
-8
In base 5, what is 13102 + 11?
13113
In base 10, what is 83 - 6?
77
In base 15, what is 1d - -8?
26
In base 4, what is 11131 - 1?
11130
In base 16, what is -1a8 + -4?
-1ac
In base 4, what is 1012 + 20?
1032
In base 7, what is -342 + -5?
-350
In base 3, what is 1012 + -1001?
11
In base 13, what is 763 - -4?
767
In base 13, what is -3 - 281c?
-2822
In base 7, what is -2112 + 2?
-2110
In base 10, what is -5 - -730?
725
In base 6, what is 103 - -2452?
2555
In base 7, what is -45 - -33?
-12
In base 16, what is 12 + -3?
f
In base 8, what is 4 + -13?
-7
In base 2, what is -110 + 110011?
101101
In base 4, what is 3 + -210?
-201
In base 5, what is -2 - -1243?
1241
In base 3, what is 11201202 + -1?
11201201
In base 3, what is -11 - 20222221?
-21000002
In base 12, what is -239 + -4?
-241
In base 4, what is 120202 - 3?
120133
In base 16, what is -12